3*g - 22 = -10, 2*d = -g + 4. Suppose l + 4*a - 13 = d, -2*l + 60 = l + 5*a. Suppose -y + l + 32 = 0. What are the prime factors of y?
3, 19
Let a(u) = -8*u**3 - 3*u**2 - 3*u - 3. Let q be a(-2). Let x = -89 + q. Let d = x - -93. What are the prime factors of d?
59
Let t(i) = 60*i**2 - 320*i + 2342. List the prime factors of t(7).
2, 3, 13
Let n(i) = 2*i**2 + 41*i - 3. Let h be n(-33). Let w = 1635 - h. List the prime factors of w.
3, 271
Let i = -111 + 47. Let k = 70 + i. List the prime factors of (12/(-8))/(k/(-296)).
2, 37
Let q(y) be the second derivative of y**4/6 + 14*y**3/3 + 39*y**2/2 + 36*y - 2. What are the prime factors of q(-21)?
3, 37
Let q = 3748 + 3321. List the prime factors of q.
7069
Let p = -52 - -73. Let h be (1366/6)/(7/p). Suppose 9*b - 298 = h. List the prime factors of b.
109
Let o be -22 + 25 + 1/(-1). List the prime factors of (7*156)/3 + o.
2, 3, 61
Let l = 4369 - 2386. Let k = l + -1106. List the prime factors of k.
877
Suppose 39 = 4*i - 3*t, 0 = 5*i + t + 2*t - 42. Let d = 22 + -49. What are the prime factors of i/(d/(-150)) + -1?
7
Let d = 27648 + -13343. List the prime factors of d.
5, 2861
Suppose 133774 = 4*j - 5*v, 29*v = 5*j + 24*v - 167215. List the prime factors of j.
3, 71, 157
Let c(l) = 11*l**3 - 5*l**2 - 4*l + 7. Let u be c(7). Suppose 5*y + u - 1147 = 5*o, 0 = 2*o - 3*y - 942. What are the prime factors of o?
2, 3, 79
Let h(o) = -o**3 + 15*o**2 - 22*o - 18. Let w be h(10). Suppose -w*q + 261*q = -161. What are the prime factors of q?
7, 23
Let t = 433 - 35. Let v = t - -404. What are the prime factors of v?
2, 401
Let y be 2/(-6) + 2/6. Suppose 2*v = -0*v - y*v. Suppose v = -u + 6*u - 5*b - 630, -3*u = -4*b - 374. What are the prime factors of u?
2, 5, 13
Let k(a) = 14*a**2 + 24*a + 20. List the prime factors of k(30).
2, 5, 23, 29
Let m(h) = -h**2 + 42*h + 21. Let k be m(35). Let z = 395 - k. What are the prime factors of z?
3, 43
Let k(j) be the third derivative of -j**6/120 - 4*j**5/15 - 7*j**4/24 + 11*j**3/3 - 32*j**2. List the prime factors of k(-16).
2, 67
Suppose 2*v + 2646 = 4*d, -5*v - 2637 = -d - 3*d. Suppose -2*k = -137 - d. Suppose k + 800 = 5*f. List the prime factors of f.
2, 3, 5
Suppose -3*s + 15 = -3*c, -s - 3*c = 4*s - 17. Suppose -s*n + 986 = -n - 5*k, n - 5*k = 342. What are the prime factors of n?
2, 7, 23
Let t(r) = -188*r + 2593. List the prime factors of t(-17).
7, 827
Let v(n) = 1378*n - 100. Let a be v(10). Suppose -4*h + a = 16*h. List the prime factors of h.
2, 3, 19
Let o = -86 - -87. What are the prime factors of ((-306)/(-408))/(o/948)?
3, 79
Let v = 2 + 2. Let j(m) = 43*m - 33 - 92*m + 69*m. What are the prime factors of j(v)?
47
Suppose -33*i - 2604 = -52401. What are the prime factors of i?
3, 503
Suppose 34*n - 33*n - 4 = 0. Suppose -2*p - n = -4*k, -4*p + 38 = p + 2*k. Suppose f + 4*y = 7 + p, 50 = 2*f + 2*y. List the prime factors of f.
29
Suppose 34*g - 36*g + 4 = 0. Suppose 4*l - g*w = 572, -3*l + 375 = 2*w - 47. What are the prime factors of l?
2, 71
Let x(f) = -f**3 - 10*f**2 - 41. Let v be x(-11). Let l = v + 38. List the prime factors of l.
2, 59
Let s = -28507 + 42222. List the prime factors of s.
5, 13, 211
Let r(s) = -13*s**3 + 15*s**2 - 22*s + 108. List the prime factors of r(-13).
2, 5, 47, 67
Let y(b) = -1858*b + 749. List the prime factors of y(-5).
10039
Suppose -37*x + 492140 = -30*x + 13*x. List the prime factors of x.
11, 2237
Let f be (224/84)/((-6)/9). Suppose 58 = -2*x - 2. List the prime factors of 7/((-70)/f) - 918/x.
31
Suppose 5*n - 156*a - 11470 = -151*a, 0 = 5*n + 5*a - 11380. List the prime factors of n.
5, 457
Suppose 0*q = 2*q, n = -5*q + 1. Let a be n - 3/2 - 3064/(-16). Let s = a - 106. List the prime factors of s.
5, 17
Let f be 90/165 - 384/(-22). Suppose -f*b + 37*b = 12312. What are the prime factors of b?
2, 3
Suppose 0 = -h - 0*h - 4*m + 5041, 5*m = -4*h + 20142. Suppose h = x + 6*x. List the prime factors of x.
719
List the prime factors of ((-8591)/2)/((-7)/14).
11, 71
Suppose -4*x = 2*x - 18. Suppose x*s = -t + 274, 4*s - 376 = -6*t + 2*t. List the prime factors of s.
2, 3, 5
Let l = -174 + 176. Suppose -7*z + 6*z + 496 = 3*t, 2*t = l*z - 968. What are the prime factors of z?
487
Let z be (-6)/(-45)*6*(-3 + 8). What are the prime factors of -1 + 232 + (z - -1 - 2)?
2, 3, 13
Let f = 8296 - -1196. List the prime factors of f.
2, 3, 7, 113
Suppose -3 = 2*x - 3*n, 0 = -0*x - 3*x - 3*n - 12. List the prime factors of ((-1)/x)/(12/14724).
409
Let t = 44616 + -18274. What are the prime factors of t?
2, 13171
Let w(p) = 6*p**2 + 19*p - 13. Let f be w(8). Let v = f - 332. List the prime factors of v.
191
Let u(a) = -35*a + 44*a + 10*a**2 + 6 + 8*a**2. Let j be u(5). Suppose 0 = 3*h - 3*c - j, 5*h - c = -0*c + 843. List the prime factors of h.
13
Suppose -1237*n + 1228*n = -4725. List the prime factors of n.
3, 5, 7
Suppose -7*n + 32 - 4 = 0. Suppose 2 + n = u. What are the prime factors of (-2460)/(-65) + u/39?
2, 19
What are the prime factors of (-138580)/(-16) + -5*(-30)/200?
2, 61, 71
Let o = -80 + 51. Let i = 29 + o. Let s(m) = 2*m + 105. List the prime factors of s(i).
3, 5, 7
Let z(p) = 2*p**3 + 16*p**2 - 30*p - 16. What are the prime factors of z(18)?
2, 4073
Let r(t) = t**2 - 8*t - 15. Let h be r(8). Let y be h/2*(-22)/33. Let w = -3 + y. List the prime factors of w.
2
Let p(h) = -8*h**2 - 4*h - 34. Let k(v) = -v**2 - 2*v - 1. Let z(w) = 4*k(w) - p(w). List the prime factors of z(6).
2, 3, 5
Let s = -389 + 657. Let g = s - -55. What are the prime factors of g?
17, 19
Suppose 4*c - 3*z = 2477, -343 + 2205 = 3*c + 2*z. Let b be (1 - -2)*c/6. Suppose 70 = -8*x + b. What are the prime factors of x?
2, 3, 5
Let h = 44467 - -2723. What are the prime factors of h?
2, 3, 5, 11, 13
Let l = -1209 + 2258. Suppose -7*j + 225 = -l. What are the prime factors of j?
2, 7, 13
Let x = -3036 + 31579. What are the prime factors of x?
17, 23, 73
Suppose 3*n = 3, 5*n - 25 = -5*u - 5. Suppose o - u*v - 9 = 0, -o = o + 2*v - 34. List the prime factors of (1090/o)/(4/(-18)*-3).
109
Let s(n) = 61*n**2 + 381*n - 2999. List the prime factors of s(8).
59, 67
Let a be 2426/10 - ((-148)/20 + 8). Let h = -55 + a. What are the prime factors of h?
11, 17
Let i = -36 + 37. Suppose -2*d = -4*g - 5*d - i, 0 = 3*d - 15. List the prime factors of (g - (-14)/2) + 90.
3, 31
Let c be 4/3 - (1 - (-164)/(-12)). Let f be (-573)/(-6)*-1*2 - -1. Let o = c - f. What are the prime factors of o?
2, 3, 17
Suppose -3*h + 37565 - 4112 = -5*k, 2*h + 5*k = 22302. What are the prime factors of h?
3, 7, 59
Let a = -64 + 109. Let h(n) = 2*n**2 - 12*n + 6. Let m be h(-8). Suppose -a*q + 47*q = m. What are the prime factors of q?
5, 23
What are the prime factors of 534/(-445) + (-40332)/(-10)?
2, 3, 7
Suppose y - 2*t - 140 = 0, 2*t + 155 = y - 3*t. Suppose 4*w + 5*o = 3*o - y, -5*o = 15. What are the prime factors of w/(3 - 1 - 3)?
31
Suppose -109*f + 324689 + 944805 + 191978 = 0. What are the prime factors of f?
2, 419
What are the prime factors of (-20)/25*35/(-14) - -12986?
2, 17, 191
Let g(v) = v**3 - 5*v**2 - 17*v + 16. Let x be g(7). Let k(n) = -2*n**2 - 11*n + 7. Let a be k(x). Suppose -1534 = -a*q + 122. What are the prime factors of q?
2, 3, 23
Suppose -129 = 4*b - 137. Suppose 0 = -4*v + b*g + 2886, 3606 = -6*v + 11*v - 4*g. What are the prime factors of v?
2, 19
Suppose 2*a + 17 - 9 = 0. Let h(c) = -c**3 - 2*c + 7*c**3 - 4 - 7*c**3 + 2. List the prime factors of h(a).
2, 5, 7
What are the prime factors of 10291 - ((-912)/(-304))/(-3*(-1)/5)?
2, 37, 139
Let j = -20 - -22. Let c = 3 + j. Suppose 39 = c*y - 191. List the prime factors of y.
2, 23
Suppose -86 = -2*p + 3*d + 4825, 0 = -2*p - 4*d + 4890. List the prime factors of p.
3, 19, 43
Suppose -3*u = -4*f - 24, 25*u - 24*u - 10 = 2*f. Suppose -307 = 4*d - u*z - 971, -2*d = -4*z - 336. List the prime factors of d.
2, 41
Let n = 12049 + -7811. List the prime factors of n.
2, 13, 163
List the prime factors of ((-25)/2 - 2)/(221/(-381888)).
2, 3, 29
Suppose -70473 = -4*v + 3*k, -5*v + 13*k = 17*k - 88068. What are the prime factors of v?
2, 3, 367
Suppose -10*t + 2220 = -7220. Suppose 2*n = -5*x + 1874, -4*x + t = n + 13. What are the prime factors of n?
947
Suppose 16*t = 6*t + 210. Suppose 25*z = t*z. Suppose z = -5*c +